what is 4 - 1100?
-1041
In base 7, what is 3 + 55?
61
In base 16, what is -e + 10?
2
In base 10, what is -467 + 2?
-465
In base 12, what is 13 - -16?
29
In base 8, what is -1463 - 4?
-1467
In base 13, what is 6 + -3?
3
In base 3, what is 11 - 102101?
-102020
In base 16, what is -4 - -23?
1f
In base 3, what is -11120 - -12?
-11101
In base 4, what is -13 - 2322?
-3001
In base 16, what is b16 - -3?
b19
In base 11, what is -37 + -281?
-308
In base 7, what is -12 - 10?
-22
In base 5, what is -3 - 4002?
-4010
In base 9, what is -64 + -223?
-287
In base 10, what is 2 + 3330?
3332
In base 13, what is 398 - -9?
3a4
In base 3, what is 211 + 200122?
201110
In base 11, what is 2779 - 3?
2776
In base 14, what is 1c2 + -2?
1c0
In base 13, what is -b39 + -2?
-b3b
In base 5, what is 3 + 1104?
1112
In base 15, what is 120 + -4?
11b
In base 13, what is -c6 - 4a?
-143
In base 12, what is -4 - -120?
118
In base 8, what is 3 - 530?
-525
In base 4, what is 1313 + 11?
1330
In base 3, what is -2100 - -10212?
1112
In base 6, what is -1030 - -33?
-553
In base 15, what is -49 + -7?
-51
In base 8, what is -230 - -1?
-227
In base 6, what is 552 - 43?
505
In base 9, what is 1072 - 2?
1070
In base 4, what is 3 + -1223?
-1220
In base 4, what is -232 + -21?
-313
In base 9, what is 51060 + -5?
51054
In base 2, what is -101011000 + -1?
-101011001
In base 7, what is -522 + 22?
-500
In base 3, what is -2222 - -20?
-2202
In base 6, what is 140 - -1011?
1151
In base 10, what is 120 + 10?
130
In base 16, what is -49e - -2?
-49c
In base 3, what is -120 + 10?
-110
In base 11, what is -70 + -2?
-72
In base 13, what is 0 - -4c?
4c
In base 6, what is -5 + -1?
-10
In base 15, what is c + -2?
a
In base 16, what is -3d6 + 1c?
-3ba
In base 16, what is -5 + 3f4?
3ef
In base 3, what is 200 - -200?
1100
In base 12, what is 6 - -16b9?
1703
In base 13, what is 2 - 50?
-4b
In base 14, what is -5 - -314?
30d
In base 5, what is 2 + -112?
-110
In base 11, what is -41 + -22?
-63
In base 8, what is 1247 - 1?
1246
In base 16, what is 36ca + -4?
36c6
In base 13, what is -71 - 17?
-88
In base 4, what is -101300 + -10?
-101310
In base 16, what is 65 - c?
59
In base 2, what is 101 - 10101100011?
-10101011110
In base 4, what is -3 - 231?
-300
In base 9, what is -10 + 302?
282
In base 3, what is -202210 - -2?
-202201
In base 15, what is -5 - d2?
-d7
In base 6, what is -100 - -221?
121
In base 16, what is -6 - -6b?
65
In base 3, what is -1000 - 201?
-1201
In base 12, what is -47 + -3?
-4a
In base 2, what is -1000100 - 101001?
-1101101
In base 8, what is -6 + 53?
45
In base 13, what is 8 + -7a?
-72
In base 16, what is 9 - -6?
f
In base 14, what is 11b - 19?
102
In base 12, what is -9 - -a?
1
In base 8, what is 357 + 6?
365
In base 13, what is 1b3 - 1?
1b2
In base 15, what is 5 - 1?
4
In base 12, what is 5 + 178?
181
In base 2, what is 1011000111 + 100?
1011001011
In base 13, what is a57 + 4?
a5b
In base 6, what is -41120 + -2?
-41122
In base 3, what is -12 - 200220?
-201002
In base 2, what is 11000101 - 10?
11000011
In base 9, what is 54 - -7?
62
In base 14, what is 13b - 1?
13a
In base 9, what is 50 + 8?
58
In base 13, what is b2 + 6?
b8
In base 4, what is 13 - -232?
311
In base 6, what is 4 + 13523?
13531
In base 7, what is 5 + -400?
-362
In base 5, what is 1122 - 0?
1122
In base 6, what is 11 + 13?
24
In base 7, what is -6452 + -2?
-6454
In base 16, what is -c + -117?
-123
In base 16, what is 3 - -1a98?
1a9b
In base 10, what is 5 - -2?
7
In base 11, what is -49 + -4?
-52
In base 13, what is -1b3 + -b?
-1c1
In base 11, what is 28 - -10?
38
In base 15, what is 1d + 1?
1e
In base 16, what is -1 + -184?
-185
In base 9, what is -151 + 1?
-150
In base 2, what is 101100 - -1?
101101
In base 13, what is 3 - 47?
-44
In base 5, what is -4 - 31?
-40
In base 13, what is -47 - -23?
-24
In base 10, what is -2367 - -4?
-2363
In base 2, what is -1110100 - -10?
-1110010
In base 11, what is 4 - 4?
0
In base 12, what is -2b89 + 4?
-2b85
In base 9, what is -14685 + -3?
-14688
In base 8, what is -25 - 1003?
-1030
In base 9, what is 8 - 0?
8
In base 15, what is 9d2 + 3?
9d5
In base 12, what is 12 + -11a?
-108
In base 9, what is 1630 + 11?
1641
In base 10, what is -449 - -3?
-446
In base 3, what is 10 + -201?
-121
In base 14, what is -11d - -80?
-7d
In base 5, what is -124102 - 1?
-124103
In base 4, what is -112 - 12132?
-12310
In base 4, what is -2120 - 10?
-2130
In base 12, what is -36 + -12?
-48
In base 8, what is 1371 + 5?
1376
In base 9, what is -15 + 7?
-7
In base 5, what is -1 - 2?
-3
In base 14, what is 3 - 81?
-7c
In base 10, what is 24 + 12?
36
In base 14, what is 1b6a - 1?
1b69
In base 8, what is -62 - -13?
-47
In base 8, what is -2 + -320?
-322
In base 2, what is -1111 - 1?
-10000
In base 9, what is -4 - 34?
-38
In base 2, what is 11100011 + -10?
11100001
In base 7, what is 322 - 3?
316
In base 3, what is -110110 - -100?
-110010
In base 7, what is 30326 + -2?
30324
In base 7, what is 210 - -115?
325
In base 4, what is -3102 - 131?
-3233
In base 8, what is 0 - -111?
111
In base 10, what is 1 + -1000?
-999
In base 10, what is 2641 - 2?
2639
In base 3, what is -110201 - 12?
-110220
In base 12, what is -5 - -8b4?
8ab
In base 7, what is -3 + 5265?
5262
In base 4, what is -123 - -12?
-111
In base 12, what is 2a - 20?
a
In base 12, what is -5 - -36?
31
In base 12, what is -288 - -7?
-281
In base 16, what is 221 + 1b?
23c
In base 2, what is 0 - 11010?
-11010
In base 7, what is -4 - -163?
156
In base 9, what is 6 + 20?
26
In base 11, what is 3 + -1395?
-1392
In base 3, what is -112 + -200200?
-201012
In base 6, what is -3 + 302?
255
In base 2, what is -11101 + 1000010010?
111110101
In base 11, what is -26 - -99?
73
In base 3, what is -11 + -1101?
-1112
In base 13, what is 2 - 25?
-23
In base 8, what is -3 - 250?
-253
In base 10, what is -3 + -51?
-54
In base 14, what is 5 + -1b3?
-1ac
In base 2, what is -111011111 + -11?
-111100010
In base 10, what is 1665 + -8?
1657
In base 4, what is 330 - 230?
100
In base 6, what is -2024 + -4?
-2032
In base 16, what is -17 + 2?
-15
In base 8, what is -23 - 44?
-67
In base 5, what is -1310 + -43?
-1403
In base 6, what is 2 + 3541?
3543
In base 12, what is 3 + 21?
24
In base 11, what is -4 - 43?
-47
In base 7, what is 3440 + 5?
3445
In base 14, what is 40 + 15?
55
In base 16, what is 1e - 6?
18
In base 7, what is 104 + -10?
64
In base 15, what is -1 + 90?
8e
In base 14, what is 595 - -13?
5a8
In base 4, what is -13302 - 2?
-13310
In base 12, what is -949 - 2?
-94b
In base 14, what is 1b + 42?
5d
In base 4, what is -11 - -1323?
1312
In base 10, what is 1259 + 0?
1259
In base 4, what is -32 - 3?
-101
In base 13, what is -b + 458?
44a
In base 12, what is -36 - 0?
-36
In base 10, what is -821 + 1?
-820
In base 4, what is -33 + 23300?
23201
In base 10, what is 15959 - 3?
15956
In base 10, what is -4242 + -2?
-4244
In base 7, what is -10 + 3?
-4
In base 13, what is 8a + -10?
7a
In base 2, what is -11000110 + 11?
-11000011
In base 3, what is -11021202 - 21?
-11022000
In base 8, what is 5 + -1666?
-1661
In base 10, what is -594 + 1?
-593
In base 2, what is -101100 + -1001000?
-1110100
In base 12, what is -4 - 2a84?
-2a88
In base 5, what is 11301 - -4?
11310
In base 13, what is -5 + -15c1?
-15c6
In base 7, what is 15060 + 1?
15061
In base 7, what is 13 + -43?
-30
In base 2, what is -111 - -101011?
100100
In base 5, what is -143430 - -2?
-143423
In base 16, what is 7 - 51?
-4a
In base 15, what is -3 + 24b?
248
In base 5, what is 2 + -4111?
-4104
In base 14, what is -5 + 66?
61
In base 3, what is -1 - 10022?
-10100
In base 16, what is -266 + 1?
-265
In base 3, what is 0 + -12?
-12
In base 11, what is -124 - -5?
-11a
In base 13, what is -71 - -7?
-67
In base 11, what is 6 - 767?
-761
In base 9, what is 15 + -10?
5
In base 9, what is -1371 - 5?
-1376
In base 8, what is -3 - -210?
205
In base 16, what is 12 + -1a?
-8
In base 10, what is -2 - -116?
114
In base 15, what is -1 - -2b4?
2b3
In base 8, what is 163 + 50?
233
In base 14, what is -2 - -70c?
70a
In base 16, what is -3e + -4?
-42
In base 5, what is 32440 - -2?
32442
In base 6, what is 0 + -215?
-215
In base 12, what is -1 - 22b7?
-22b8
In base 4, what is -1200 - -123?
-1011
In base 9, what is 748 + 5?
754
In base 8, what is -7 + -332?
-341
In ba